ose -9*m = -1 + 19. Let d(s) = s**2 - 2*s - 4. Determine d(m).
4
Suppose y + 4 = -y, 0 = 2*v - 5*y - 126. Let w = 48 - v. Let j(c) = c**2 + 11*c + 15. Give j(w).
5
Let a(c) = -c**3 - 13*c**2 - 11*c. Let b be ((-1)/2)/(2 - 282/144). Calculate a(b).
-12
Let x(t) be the second derivative of t**3/6 - 5*t**2/2 + 37*t + 1. What is x(-4)?
-9
Let q(b) be the second derivative of -b**5/20 + 7*b**4/12 + 3*b**2/2 - 3*b. Let a be q(7). Let c(s) = a*s + 2 - s - 4. What is c(-2)?
-6
Let j(w) = -3*w**3 - 12*w**2 + 8*w + 1. Let h(x) = 4*x**3 + 13*x**2 - 9*x. Let f(z) = -4*h(z) - 5*j(z). Determine f(7).
16
Let y(g) = g**2 - 9*g - 51. Let a be y(13). Let t(m) = -7*m**3 + m. Let q be t(a). Let d(s) = s + 1. Calculate d(q).
-5
Let d = -32 + 89. Suppose 16*n + 23 = -d. Let l(y) = 2*y**2 + 7*y + 7. Determine l(n).
22
Suppose -5*m - 7 = 4*s, 3*m - 5*m = -5*s - 17. Let p(a) = 4*a + 10. What is p(s)?
-2
Let q(k) = 7*k + 92. Let w be q(-14). Let r(p) = -7*p**2 - 3*p + 5. Let j(d) = -3*d**2 - 2*d + 3. Let x(t) = 5*j(t) - 2*r(t). Determine x(w).
-7
Let c(f) = 13*f. Suppose -5*g = -3*s - 138, g - 2 = -s + 32. Let q = -31 + g. What is c(q)?
-13
Let s = -4087 + 4084. Suppose -2*q + 3 = -3. Let z(v) = 1 - q - 3*v - 2*v**2 - v. Determine z(s).
-8
Let r(t) = -2*t + 4. Let n(m) = -m**3 + 5. Let p be n(0). Suppose -4*x + 30 = -5*w + 7, -x + 2 = 0. Let f be (-36)/(-15) - w/p. Give r(f).
-2
Let t(s) = -s**3 - 3*s**2 + 11*s + 6. Let g be t(-5). Suppose -k - 5*f - g = -0, -2*k - 5*f = 2. Let w(z) = 8*z**3 - z. What is w(k)?
-7
Let y(k) be the first derivative of k**4/4 - k**3/3 - k**2/2 - 44*k - 379. Determine y(0).
-44
Let g(y) be the second derivative of 0 + 1/3*y**4 - 1/2*y**3 - 29*y + 1/20*y**5 - y**2. Give g(-5).
-12
Let y(t) = 8*t**2 - 78*t - 21. Let m be y(10). Let v(o) = 6*o + 2. What is v(m)?
-4
Let o = 31 + -29. Let h be 2/(-8) - (-39)/12. Suppose 2*t - 5*f = -10, 0 = h*t - 7*t + o*f - 20. Let v(b) = b**2 + 3*b - 4. Determine v(t).
6
Let n(c) be the third derivative of 0*c + 1/2*c**3 + 2*c**2 - 1/6*c**4 + 0. Give n(3).
-9
Let v(w) = -w**2 - 6*w - 5. Let m = -62 + 62. Suppose m = 16*p - 6*p + 60. What is v(p)?
-5
Suppose 0 = 2*v + 107*v - 109. Let s(f) = 11*f - 5. Let j(r) = -5*r + 2. Let g(d) = -7*j(d) - 3*s(d). Calculate g(v).
3
Let l = -90 - -93. Let c(x) = -x**2 - 5*x - 2. Let k(u) = 2*u**2 + 10*u + 5. Let q(s) = l*k(s) + 5*c(s). Determine q(-5).
5
Let p(q) be the second derivative of -5*q**3/3 - 5*q**2/2 + 48*q. Determine p(-3).
25
Let p(s) = -10*s - 5. Let q(w) = -9*w - 4. Let l(v) = -5*p(v) + 6*q(v). Suppose -1 = j - 3. Calculate l(j).
-7
Let c(y) be the second derivative of 5*y**3/3 + 3*y**2/2 - 4*y + 9. Calculate c(-2).
-17
Let w(r) = -3*r**3 + 4*r**2 - 4. Suppose -12 = 262*k - 266*k. What is w(k)?
-49
Suppose 4 = -2*l, -3*o + 14 = -4*l - 12. Let t(y) be the third derivative of -y**6/120 + y**5/12 + 7*y**4/24 - 4*y**3/3 + 6*y**2. Calculate t(o).
-2
Let f(l) = -4*l**3 - l**2 - l. Suppose -4*y = -0*k - 3*k - 78, 3*k + 2*y = -60. Let p = 24 + k. Suppose 0 = a + p - 1. Give f(a).
4
Suppose -2*v - 2 = -3*p - 12, -5*p - v - 21 = 0. Let k(j) be the second derivative of 0 - 5/2*j**2 - 1/3*j**3 + 7*j. Determine k(p).
3
Suppose 2*o - 20 = 7*o. Let y(t) be the first derivative of -t**4/4 - 4*t**3/3 - t**2/2 + t + 4. What is y(o)?
5
Let n(y) = y**3 + 6*y**2 + 3*y + 7. Suppose 2*i + i - 93 = 0. Let t = -19 - -19. Suppose 5*j + i - 1 = t. Calculate n(j).
-11
Let c(l) = -10*l + 2 - 10 - 41*l**2 + 42*l**2. Determine c(6).
-32
Suppose s + 9 = -3*h, 6*h - 2*s = 5*h - 3. Let a(r) = 5*r**2 - 2*r + 2. Calculate a(h).
53
Let d(g) = -11*g - 1. Let m be ((-2)/(4/5) + 3)*2. Calculate d(m).
-12
Suppose -4*q + 7 = 3*u - 2, -2*q = 4*u + 8. Let o(k) = 3*k**2 + 5*k - 2. Let x(a) = 2*a**2 - 3. Let p(n) = o(n) - 2*x(n). Give p(q).
-2
Let s(v) = -5*v + 6. Let c(y) = y. Let j(q) = -6*c(q) - s(q). Suppose -5*k = 9*k - 1400. Let f = k + -100. What is j(f)?
-6
Let o(v) = 4*v + 0*v**2 - 2*v**2 + v**2 + 3*v**2 - v**2 + 1. Determine o(-3).
-2
Let a(r) = -r**3 + 69 - 74 - 36*r**2 + 32*r**2. What is a(-4)?
-5
Let z(l) = -l**3 + 2*l**2 - l + 2. Let p be 4/6*(-246)/(-82). Calculate z(p).
0
Let o be 27/6 + (-1)/2. Let v(r) be the second derivative of r**5/20 - 5*r**4/12 - r**3/6 + r**2/2 - 2*r - 104. What is v(o)?
-19
Suppose -3*f = f - 12. Let y be (f/(-4))/(36/32 + -1). Let a(n) = 0*n**2 + 3*n**2 - 2*n**2 + 4*n + 0*n. Calculate a(y).
12
Let t be (25/(1200/(-108)))/((-1)/4). Let p(h) = h - 25. What is p(t)?
-16
Let s be (-32)/(-5) + 6/(-15). Let i = s + -4. Suppose -i*f = 5*l + 13, 4 = 5*f - f. Let z(r) = r**2 + 3*r - 4. Determine z(l).
-4
Let q = -38 + 24. Let t be (-4)/(-5)*(-35)/q. Suppose -4*i - 4*o - 23 = -7*i, 0 = t*o + 4. Let w(v) = -v**3 + 5*v**2 + v - 4. Give w(i).
1
Let b(h) = 31 + h**3 + 15 - h + 4*h**2 - 49 - 3*h. Determine b(-3).
18
Let s(y) = 3*y**2 + 2*y - 3. Let p be s(2). Suppose p*b - 10*b = 6. Let t(o) = 2*o**3 - 4*o**2 + 3*o. What is t(b)?
6
Let y(k) = k**2 + 3*k - 2. Suppose 0 = -2*w + 37 + 87. Let x = w + -65. Give y(x).
-2
Let v(q) be the third derivative of q**5/15 + q**4/24 - q**3/3 - 104*q**2. What is v(-4)?
58
Let f(g) = -2*g**2 + g. Let v be 48/(-18)*21/(-4). Suppose 5*o - k - v = 0, -6*o - 6 = -o + 4*k. Suppose 0*z = -2*z - o. Give f(z).
-3
Let s(r) = -3*r**3 + r - 1. Let j = 38 - 73. Let c = -34 - j. Suppose -5*n + c = -4. Give s(n).
-3
Let z = -27 + 29. Suppose 0 = -d + z*d + 6. Let b(q) = 2*q - 7. Let a(n) = n - 6. Let l(k) = 3*a(k) - 2*b(k). Calculate l(d).
2
Let h(z) be the third derivative of -5/3*z**3 + 0*z + 1/120*z**6 + 0 - 2/15*z**5 + 39*z**2 + 3/8*z**4. Determine h(7).
4
Let g(q) = -2*q - 6. Let v(a) = -3*a + 1. Let j be v(3). Let s(z) = z + 14. Let b be s(j). Let m be (b - (4 - 0))*-3. Give g(m).
6
Let h(a) = a - 33. Let b = 1892 + -1861. Give h(b).
-2
Let m(j) = -j**3 - 7*j**2 - 4*j + 14. Let r be m(-6). Let v(l) = -4 - 3*l - 2 + l**2 + 7 + l**3 + 1. Give v(r).
8
Let g(h) = -24*h - 74. Let i be g(-3). Let y(t) = 5*t**2 + 4*t + 3. Calculate y(i).
15
Let m(t) = -10*t - 1162*t**2 + 1163*t**2 - 4*t + 9. Give m(12).
-15
Let s(i) be the second derivative of -i**5/20 - 2*i**4/3 - i**3/2 - i**2/2 - 4*i - 9. Determine s(-3).
-37
Let g(m) be the first derivative of -m**3/3 - m**2 - 6*m + 2. Let t be g(0). Let h(x) be the first derivative of x**2/2 + 6*x - 2. Calculate h(t).
0
Let q(i) = 15*i**2 - i - 19. Let o(x) = 13*x**2 - x - 19. Let t(r) = -7*o(r) + 6*q(r). What is t(0)?
19
Let j(b) be the first derivative of b**3/3 + 2*b**2 - b - 1. Suppose -4*s + 24 = -5*v, 9 = 3*v - 6*v - 3*s. Determine j(v).
-1
Let d(j) = 3*j**2 - j + 0*j**3 - j**3 + 2*j**3 - 2 - 4*j. Let o = 137 - 140. Calculate d(o).
13
Let b(y) be the first derivative of y**4/4 + 8*y**3/3 + y**2/2 + 10*y - 3121. Let f(x) = 3*x + 4. Let r be f(-4). Determine b(r).
2
Let c(j) = -4*j + 19. Let r(k) = k - 4. Let b(n) = 2*c(n) + 9*r(n). Determine b(-5).
-3
Let y(r) = -r**3 + 6*r**2 - 2*r + 3. Let u(j) = j**2 + 21*j + 60. Let t be u(-3). What is y(t)?
-9
Let v(p) = 4*p. Let a(g) = -8*g + 15*g - 4*g. Let q(s) = -2*a(s) + 3*v(s). Calculate q(-2).
-12
Let f(p) = 3*p - 2*p**2 + 381*p**3 - 383*p**3 - 2*p. Let h(n) be the first derivative of -n**3/3 - 4*n**2 - 9*n - 2. Let x be h(-7). Give f(x).
6
Let s(q) = q**2 - 11*q + 9. Let b be (-10)/55 + 1343/187. What is s(b)?
-19
Suppose -5*v - 4*c = 174, -5*c + 6 + 159 = -5*v. Let d = 31 + v. Let s(l) = -5*l - 1. Calculate s(d).
14
Let i(f) = -3*f - 17. Let j be i(-7). Let k(z) = 11*z + 4 + 3*z**2 + 2*z**3 + 2*z - 3*z**3 - 11*z. Let l be k(j). Let h(w) = -2*w - 4. Determine h(l).
4
Let u(l) = -l**3 + 4*l**2 - 8*l + 15. Let c be u(3). Let g(s) = s**2 - 7*s - 9. Determine g(c).
-9
Let v be (-2)/7 + 18/14. Let z(w) be the first derivative of -1/3*w**3 + 0*w + 1/2*w**2 - 9. Calculate z(v).
0
Let b(c) be the second derivative of -c**5/20 - 7*c**4/12 - c**3/2 + 5*c**2/2 - 71*c. Determine b(-7).
26
Let j be (-6 - -3) + 4 - 9/(-3). Let q(f) = -j + 2*f**2 - 2*f + 7*f - f**2 - 8*f. Calculate q(3).
-4
Let x(b) be the second derivative of b**3/2 + b**2 + 7*b + 9. Give x(5).
17
Let t(m) = 32*m - 780 - 31*m - 7*m**2 + 781. Let b be ((-2)/2)/(2 - 1). What is t(b)?
-7
Let f = 39 - 35. Let b(a) = -3*a + 7. Let z be b(f). Let p(q) = -q**2 - 5*q + 1. What is p(z)?
1
Let a(w) = 5*w - 2 + 0*w - 4*w. 